te the remainder when r is divided by 78.
76
Let v = -42 + 65. Let l = 32 + v. What is the remainder when l is divided by 14?
13
Let b be -3*(-1 + 11 - 2). Let r be b/(-11) - 8/44. Suppose -r*a - 325 = -7*a. Calculate the remainder when a is divided by 17.
14
What is the remainder when 598 is divided by (-155 - -145) + 51 + -1?
38
Let y(f) = -f**3 + 12*f**2 + 12*f + 15. Let r be y(13). Suppose 3*s - 2*i - 17 = -1, 0 = r*s + 5*i - 36. What is the remainder when 26 is divided by s?
2
Let b(l) = 39*l - 1. Let p = 709 - 699. What is the remainder when b(1) is divided by p?
8
Let i(j) = j**2 - 1. Let a be i(6). Let l(o) = -o**3 + 5*o**2 + 4*o - 15. Let p be l(6). Let g = p + a. What is the remainder when g is divided by 5?
3
Suppose 3*u - 3*i = 111, 48 = 5*u - i - 133. Calculate the remainder when 247 is divided by u.
31
Let c be ((-11)/(-1) - -3) + -2. Suppose -4*m - 3*d = -0*d - 12, 4*m - c = -5*d. What is the remainder when 14 is divided by 2 + (m - (-3 - -3))?
4
Suppose -1519 = -4*i - 1255. What is the remainder when i is divided by 49?
17
Let l(i) = i**3 - 2*i**2 + 6*i - 6. Suppose 2*z - 2*t = -6*t - 74, 0 = z + 3*t + 42. Let y = -23 - z. What is the remainder when l(y) is divided by 26?
24
Suppose -4*q - 74 = -2*f, -4*f - q + 118 = q. Calculate the remainder when 92/(-6)*((-30)/(-5))/(-1) is divided by f.
30
Let m = 42 - -23. Suppose 4*b - m = -b. What is the remainder when 36 is divided by b?
10
Let v be 0 - 17 - (-10)/5. Suppose 0 = 3*j + 6, 2*k - 96 = -2*j - 0*j. Let z = v + k. What is the remainder when z is divided by 12?
11
Let r = 1458 + -1395. Suppose 0*s = -s - 28. Let j = s + 50. What is the remainder when r is divided by j?
19
Let w(z) = 9*z - 162. Let m = -7 + 26. What is the remainder when w(26) is divided by m?
15
Suppose n + 6 = -s, -2*s = 2*n + s + 13. Let x(w) = -w**3 + 4*w**2 - w - 2. Calculate the remainder when n/(-3)*54/15 is divided by x(2).
2
Suppose b = -2*f - 11 + 3, -5*b - 2*f = 0. Suppose -5*z - 50 = 4*k, -b*k = 2*z - 6*z + 38. What is the remainder when k/(0 + (-3 - -2)) is divided by 8?
7
Calculate the remainder when (-115)/(-161) - (-7611)/7 is divided by 84.
80
Let d(p) be the first derivative of -7*p**2/2 - 9*p + 2. Let l = -2927 - -2944. Calculate the remainder when d(-6) is divided by l.
16
Let c(a) = 9*a - 24*a + 9*a + 0 + 1. What is the remainder when 23 is divided by c(-1)?
2
Suppose -14*s - 48 = -20*s. Let o(t) = 31*t - 16. What is the remainder when o(s) is divided by 26?
24
Let u = 10 - 22. Let c be (-1)/(42/39 + -1). Let k = u - c. Calculate the remainder when 2 is divided by k.
0
Let h = -993 - -1396. Calculate the remainder when h is divided by 58.
55
Let j(m) = -5*m - 17. Let w(s) = -s**3 + 5*s**2 - 5*s + 4. Let l be w(4). Suppose l*d = 3*d - 15. What is the remainder when j(-5) is divided by d?
3
Let w(j) = -2*j**3 + 2*j**2 + j - 1. Let h be w(-1). Suppose -h*z = 6*z - 48. Calculate the remainder when 8 is divided by z.
2
Let i = 29 + -25. Suppose 0 = 2*z - i*q - 217 + 15, -218 = -2*z - 4*q. Suppose z = 5*y + 5*m, -4*m - 3 = 1. What is the remainder when y is divided by 6?
4
Let j(g) = -16*g**2 - 2*g - 1. Let d be j(-1). Let w = 10 + d. Calculate the remainder when w/(20/(-96)) + 1 is divided by 14.
11
Let c = -1029 + 1142. What is the remainder when 2709 is divided by c?
110
Let n(g) = g - 2. Let u(c) = -3*c + 6. Let v(j) = -7*n(j) - 2*u(j). Calculate the remainder when 26 is divided by v(-12).
12
Let a = 86 - 84. Calculate the remainder when 39 is divided by -5 - -24 - a*-1.
18
Let p(f) be the first derivative of -f**2/2 + 8*f - 3. Let w be p(4). Calculate the remainder when 1850/40 + (-1)/w is divided by 16.
14
Let j = -604 + 617. Suppose 0 = -0*o - 3*o + 441. Suppose 0*q + 3*q - o = 0. Calculate the remainder when q is divided by j.
10
Suppose 5*j = -555 - 25. Let z = -42 - j. Calculate the remainder when z is divided by 21.
11
Suppose -19*r - 55 = -20*r. Let m = r - 35. Calculate the remainder when 77 is divided by m.
17
What is the remainder when 93 is divided by (-1)/2 + (-134)/(-4)?
27
Suppose 3*k + 51 - 75 = 0. Let a(h) = -4*h**3 + 2*h + 1. What is the remainder when k is divided by a(-1)?
2
Let o(w) = w**2 - 7*w + 8. Let d be o(6). Suppose -d*z + 47 - 23 = 0. Calculate the remainder when z is divided by 9.
3
Suppose -48 = -n - 29. Suppose 24*f - 55 = n*f. What is the remainder when 18 is divided by f?
7
What is the remainder when (-231)/14*(-28)/3 is divided by 26?
24
Let x(d) = -3*d**2 - 2*d - 4. Let o(v) = -v**2 + 1. Let w(u) = 2*o(u) - x(u). Let s(y) = 9*y - 3. What is the remainder when w(5) is divided by s(2)?
11
Let l be (-1 + -13)*(-3)/(-6). Let a(v) = -8*v - 8. Let q be a(l). What is the remainder when q/(-20)*30/(-9) is divided by 5?
3
Let g be 260/(-3)*36/(-30). Let m = 127 - g. What is the remainder when 113 is divided by m?
21
Suppose 0 = 7*q + 132 - 153. Let v(a) = -a**3 + 4*a**2 + a - 3. Calculate the remainder when v(3) is divided by q.
0
Suppose 7*u = u + 66. Calculate the remainder when 39 is divided by u.
6
Let v(a) = 15*a + 3. Let n(f) = -f**3 - 10*f**2 + 39*f + 1. Let g be n(-13). Calculate the remainder when 53 is divided by v(g).
17
Suppose 0 = -3*h - 0*h + 9. Suppose h*n + 2*n + 24 = 2*d, 2*n = 5*d + 3. Calculate the remainder when 43 is divided by 46/3 - (-2)/n.
13
Suppose 153 + 11 = 4*f. What is the remainder when ((-234)/52)/((-1)/18) is divided by f?
40
Suppose 5*j = -1 + 16. Let t be 9/j + 2 + -3. Suppose 0*u + 4*u - 28 = -y, 34 = y - t*u. What is the remainder when 126 is divided by y?
30
Let c = 8 + -4. Let d(m) = m**3 - 1. Let p(f) = 3*f**3 - 3*f**2 + 3*f - 5. Let g(y) = -2*d(y) + p(y). Calculate the remainder when g(c) is divided by 9.
7
Let c = 27 - 26. Calculate the remainder when 53 is divided by 15 + (6/2)/c.
17
Let b = -8 - -20. Suppose 5*f - f = b. Suppose -d = -f*h + 8, 3*h = h + 3*d + 3. What is the remainder when 7 is divided by h?
1
Suppose -186 = -5*q - r, 3*q - 5*r + r = 107. What is the remainder when q is divided by 8?
5
Let d = 58 - -15. Let t(q) = -12*q. Let p be t(2). Let h = 1 - p. What is the remainder when d is divided by h?
23
Let b(f) = -f**3 - 5*f**2 - 3. Let c be b(-6). Suppose q = -q + 14. What is the remainder when (-40)/(-3) + (-11)/c is divided by q?
6
Suppose 5*d = 3*p - 168, p + 2*d + 177 = 4*p. Suppose -5*h = -2*h - 36. Calculate the remainder when p is divided by (h - 0) + 1*4.
13
Let p be (8 + 2)/(-2) - -103. Suppose p = 5*x + z, 2*x + z + 102 = 7*x. Calculate the remainder when x is divided by 13.
7
Let z(u) = 461*u**3 - 2*u**2 - u + 2. Calculate the remainder when z(1) is divided by 66.
64
Suppose -72*s = -137*s + 910. What is the remainder when ((-102)/4)/(2/(-4)) is divided by s?
9
Let y(i) = i**3 - 37*i**2 + i + 71. Calculate the remainder when 210 is divided by y(37).
102
Suppose -15*n = -94 - 221. What is the remainder when 66 is divided by n?
3
Let m(c) = -5*c + 50. Let d be m(20). Let x = -35 - d. Calculate the remainder when x is divided by 2.
1
Let z(b) = -6*b**2 + 83*b - 4. Calculate the remainder when 203 is divided by z(13).
20
Let f be (-2 - (4 + -5))*508. What is the remainder when 40 is divided by f/(-24) - 2/12?
19
Let u = 488 + -470. Let s = 21 + -11. Calculate the remainder when u is divided by s.
8
Suppose 9 = 3*v - 198. Let u(r) = r**2 - 4*r + 3. Let g be u(2). Let j(q) = 24*q**2 - q - 1. Calculate the remainder when v is divided by j(g).
21
Suppose 0 = -5*a + 210 + 175. Calculate the remainder when a is divided by (-14)/(-56) - 1/(-3)*(-1422)/(-24).
17
Calculate the remainder when -95*(273/(-90) + (-25)/(-30)) is divided by 62.
23
Let d be (18/12)/(-3*(-1)/172). Suppose 4*r = 150 + d. Calculate the remainder when r is divided by 12.
11
Suppose 0 = 2*n - 7*n + 35. Suppose n = -2*u + 1. Let b(q) = q**2 + 1. What is the remainder when 27 is divided by b(u)?
7
Let d be (-13)/(-65) - (-1248)/10. Suppose 4*c = d + 15. What is the remainder when 172 is divided by c?
32
Let k = 2 + 2. Suppose 7*r + 5*h = k*r + 120, 2*r - h = 80. Suppose -6*j + 2*j + r = n, 0 = -n. What is the remainder when 18 is divided by j?
8
Let x(k) = k**3 - 2*k**2 - k + 2. Let z be x(1). Suppose 3*n - 219 - 3 = z. Calculate the remainder when n is divided by 19.
17
Suppose 631 = 43*h - 57. What is the remainder when 391 is divided b